4
What is the highest common factor of 4633 and 1189?
41
Calculate the highest common factor of 10883 and 1.
1
What is the highest common factor of 16 and 17949632?
16
What is the highest common divisor of 44256 and 16?
16
What is the greatest common factor of 311835 and 30?
15
Calculate the highest common factor of 1540 and 347116.
308
Calculate the greatest common divisor of 202 and 158.
2
What is the highest common factor of 2 and 1478?
2
What is the highest common factor of 265795 and 1475?
295
What is the greatest common divisor of 2108 and 19716?
124
Calculate the highest common divisor of 2043 and 1589.
227
What is the highest common factor of 248 and 53568?
248
Calculate the greatest common factor of 4160 and 3952.
208
What is the greatest common divisor of 28127 and 44?
11
What is the greatest common divisor of 108164 and 2324?
28
What is the highest common factor of 2261 and 1751?
17
Calculate the greatest common divisor of 17762 and 12035.
83
Calculate the greatest common divisor of 521 and 1624999.
521
What is the greatest common divisor of 57967 and 412867?
1183
What is the highest common factor of 12 and 159204?
12
Calculate the greatest common divisor of 58232 and 1044.
116
Calculate the greatest common factor of 202081 and 11.
11
What is the highest common divisor of 50060 and 80?
20
Calculate the greatest common divisor of 8254 and 8.
2
What is the highest common factor of 4697 and 187453?
427
Calculate the greatest common factor of 9039 and 246804.
393
What is the greatest common divisor of 120428 and 308?
308
Calculate the highest common divisor of 3701225 and 3225.
1075
Calculate the highest common factor of 24 and 24072.
24
What is the greatest common divisor of 73661 and 56?
7
Calculate the highest common divisor of 105364 and 8.
4
What is the greatest common factor of 200 and 21975?
25
Calculate the highest common divisor of 76613 and 23.
23
What is the highest common divisor of 9417083 and 377?
377
What is the highest common divisor of 17486 and 22?
2
Calculate the greatest common divisor of 3352 and 176.
8
What is the highest common divisor of 324077 and 26481?
1261
Calculate the highest common divisor of 2345586 and 46.
46
Calculate the highest common divisor of 834 and 726.
6
What is the highest common divisor of 180 and 795888?
36
What is the greatest common factor of 359896 and 40?
8
Calculate the highest common factor of 894894 and 1638.
546
What is the highest common divisor of 2298 and 74302?
766
Calculate the highest common factor of 4266 and 5787.
9
What is the highest common divisor of 126 and 10044?
18
What is the greatest common divisor of 140 and 3232670?
70
Calculate the greatest common divisor of 942579 and 18.
9
What is the highest common divisor of 39116 and 1078?
154
What is the highest common divisor of 2065 and 1750?
35
What is the greatest common divisor of 231888 and 208?
16
Calculate the highest common divisor of 15708 and 1584.
132
Calculate the highest common factor of 1155314 and 38.
38
What is the greatest common factor of 705 and 396915?
705
What is the greatest common factor of 25459742 and 22?
22
Calculate the highest common divisor of 1897076 and 124.
124
What is the greatest common divisor of 29 and 2687459?
29
What is the greatest common factor of 4263 and 50911?
49
What is the greatest common divisor of 22575 and 28896?
903
What is the highest common divisor of 5665 and 3296?
103
What is the highest common factor of 74790 and 1020?
30
Calculate the highest common factor of 30233 and 37637.
617
What is the greatest common divisor of 250 and 230900?
50
Calculate the highest common factor of 46 and 1626192.
46
Calculate the highest common divisor of 1717445 and 5.
5
What is the greatest common divisor of 14574 and 1281?
21
Calculate the greatest common divisor of 92952 and 27.
9
Calculate the greatest common factor of 123424 and 64.
32
Calculate the highest common factor of 123 and 551163.
123
Calculate the highest common divisor of 37665 and 486.
243
What is the highest common factor of 87 and 858777?
87
Calculate the highest common factor of 1716494 and 9737.
1391
Calculate the greatest common factor of 2349 and 4374.
81
What is the highest common divisor of 2 and 43602?
2
What is the greatest common divisor of 6 and 955323?
3
What is the greatest common factor of 666 and 146187?
333
Calculate the greatest common factor of 4899 and 284.
71
What is the greatest common divisor of 6822 and 144?
18
Calculate the highest common divisor of 228 and 54321.
57
What is the highest common factor of 9276 and 300?
12
What is the highest common divisor of 29800 and 36505?
745
What is the highest common divisor of 3091 and 835975?
281
What is the highest common factor of 8 and 285056?
8
What is the highest common divisor of 187764 and 24?
12
Calculate the highest common factor of 10585816 and 568.
568
What is the highest common factor of 688 and 48547?
43
What is the highest common divisor of 2236 and 18920?
172
Calculate the greatest common factor of 2075734 and 68.
34
Calculate the greatest common divisor of 21 and 1480395.
21
Calculate the greatest common factor of 162 and 732618.
54
Calculate the greatest common divisor of 21360 and 96.
48
What is the greatest common factor of 50 and 2004750?
50
Calculate the highest common factor of 1495 and 1361945.
1495
What is the greatest common factor of 249 and 367109?
83
What is the greatest common divisor of 12244 and 4?
4
Calculate the greatest common factor of 127554 and 3318.
42
What is the greatest common factor of 220079 and 101?
101
What is the greatest common factor of 9867 and 4048?
253
Calculate the highest common divisor of 7896000 and 700.
700
What is the highest common divisor of 688 and 41796?
172
Calculate the greatest common divisor of 327 and 17548782.
327
What is the highest common factor of 141 and 20257?
47
Calculate the greatest common factor of 206424 and 1222.
94
What is the greatest common factor of 59618 and 338?
26
What is the greatest common divisor of 513 and 648?
27
Calculate the greatest common divisor of 1369 and 71077.
37
Calculate the highest common divisor of 2405 and 193960.
65
What is the highest common factor of 117 and 1105?
13
What is the highest common factor of 1072807 and 344?
43
What is the greatest common factor of 174552 and 1344?
168
What is the greatest common factor of 320274 and 243?
243
Calculate the highest common factor of 252 and 55284.
12
Calculate the highest common divisor of 17332 and 298358.
1238
What is the highest common factor of 194 and 5431418?
194
Calculate the greatest common factor of 2904 and 10824.
264
What is the highest common factor of 24060 and 84?
12
What is the greatest common factor of 84 and 2198964?
12
Calculate the greatest common divisor of 43668 and 216.
36
Calculate the greatest common divisor of 1591782 and 38.
38
Calculate the greatest common divisor of 16 and 1348664.
8
Calculate the greatest common divisor of 23104 and 133.
19
What is the greatest common factor of 366 and 104066?
122
What is the highest common divisor of 5885 and 1265?
55
Calculate the greatest common factor of 9000 and 5760.
360
Calculate the highest common factor of 171535 and 2730.
455
What is the highest common divisor of 1673787 and 1179?
393
Calculate the highest common factor of 22 and 144166.
22
What is the greatest common divisor of 376 and 773432?
376
What is the greatest common divisor of 506716 and 28?
28
What is the highest common factor of 118549 and 4?
1
Calculate the greatest common divisor of 1484 and 47208.
28
What is the greatest common divisor of 268670 and 1340?
670
What is the highest common factor of 1066070 and 510?
170
What is the highest common factor of 137293 and 12272?
767
What is the greatest common divisor of 11982 and 942?
6
What is the greatest common divisor of 15 and 23875?
5
What is the highest common factor of 6936 and 170?
34
Calculate the highest common divisor of 64521 and 428.
107
Calculate the greatest common factor of 1541 and 598.
23
What is the greatest common factor of 4272 and 192?
48
Calculate the greatest common divisor of 1178 and 38494.
38
What is the highest common divisor of 10127748 and 94?
94
What is the highest common divisor of 295 and 32804?
59